{"id":416,"date":"2020-11-17T03:57:44","date_gmt":"2020-11-17T04:57:44","guid":{"rendered":"http:\/\/trojcazambrow.pl\/?page_id=416"},"modified":"2020-11-17T03:57:45","modified_gmt":"2020-11-17T04:57:45","slug":"eucharystia-bez-mszy-swietej","status":"publish","type":"page","link":"https:\/\/trojcazambrow.pl\/index.php\/eucharystia-bez-mszy-swietej\/","title":{"rendered":"Eucharystia bez Mszy \u015bwi\u0119tej?"},"content":{"rendered":"\n<p class=\"has-text-align-center\"><em><strong>Misterium obecno\u015bci Boga w czasie pandemii.\u00a0<\/strong><\/em><\/p>\n\n\n\n<p><strong>Paradoksalny jest ten moment historii zbawienia, kt\u00f3ry przychodzi nam prze\u017cywa\u0107. <\/strong>Tak bardzo paradoksalny, \u017ce wr\u0119cz dezorientuj\u0105cy. Z jednej strony, kilka miesi\u0119cy temu rozpocz\u0105\u0142 si\u0119 rok po\u015bwi\u0119cony Eucharystii. Nie brakowa\u0142o wi\u0119c zach\u0119t i zaprosze\u0144, aby cz\u0119\u015bciej i gorliwiej bra\u0107 udzia\u0142 w \u201eWielkiej Tajemnicy Wiary\u201d. Min\u0119\u0142o niewiele, a zewsz\u0105d s\u0142ycha\u0107 g\u0142osy: pozosta\u0144 w domu. Ponadto regulacje prawne praktycznie do zera zredukowa\u0142y mo\u017cliwo\u015b\u0107 uczestnictwa w Eucharystii. Wobec takiej sytuacji nie dziwi dezorientacja wielu ludzi, kt\u00f3rzy nie potrafi\u0105 odnale\u017a\u0107 si\u0119 w takim kontek\u015bcie. Wielu r\u00f3wnie\u017c jest takich, kt\u00f3rzy obok og\u00f3lnego zamieszania cierpi\u0105 g\u0142\u00f3d i t\u0119sknot\u0119 za Eucharysti\u0105. <strong>W ci\u0105gu kilku dni wszystkie schematy, wszystko co wydawa\u0142o si\u0119 pewnikiem nie do ruszenia, zosta\u0142o zachwiane. <\/strong>Pozosta\u0142a pustka\u2026 dramat? A mo\u017ce szansa?! Spr\u00f3buj\u0119 nieco sprowokowa\u0107, nie daj\u0105c gotowych odpowiedzi, bo takich pewnie brak\u2026&nbsp;<\/p>\n\n\n\n<p>Nie przywykli\u015bmy do pustki. Eucharystii w niedziele nie brakowa\u0142o. Wr\u0119cz mo\u017cna by\u0142o wybiera\u0107 miejsce i godzin\u0119; ulubione zgromadzenie, w\u0142a\u015bciwy celebrans. Wyb\u00f3r i dostatek. Tak rozpocz\u0119li\u015bmy Wielki Post, wys\u0142uchali\u015bmy Ewangelii o pokusach Jezusa na pustyni, przyj\u0119li\u015bmy konsekrowany Chleb i by\u0142o jak zawsze. Ale weszli\u015bmy w komuni\u0119? A mo\u017ce dopiero teraz Pan pozwala nam w t\u0105 komuni\u0119, w to zjednoczenie z Nim wchodzi\u0107?&nbsp;<\/p>\n\n\n\n<p>Pierwsza z pokus na pustyni dotyczy\u0142a g\u0142odu: \u201ezr\u00f3b sobie chleb!\u201d <strong>Chleb \u2013 tu i teraz, skoro jeste\u015b g\u0142odny. <\/strong>Jezus odm\u00f3wi\u0142. Wybra\u0142 g\u0142\u00f3d czekaj\u0105c na chleb, kt\u00f3ry b\u0119dzie darem. Ufa\u0142, \u017ce Ojciec <em>otwiera sw\u0105 r\u0119k\u0119 i karmi do syta we w\u0142a\u015bciwym czasie <\/em>(por. Ps 145), dlatego nie mia\u0142 pretensji i nie nalega\u0142. Je\u015bli zrozumiemy to co si\u0119 wydarzy\u0142o na pustyni, to rodzi si\u0119 pytanie: brak Eucharystii w tym czasie oddala nas od Jezusa? A mo\u017ce paradoksalnie jeszcze bardziej zbli\u017ca nas do Niego?! <strong>Mo\u017ce w\u0142a\u015bnie cierpi\u0105c g\u0142\u00f3d Chleba mo\u017cemy wsp\u00f3\u0142odczuwa\u0107 z Panem i by\u0107 w zjednoczeniu z Nim?&nbsp;<\/strong><\/p>\n\n\n\n<p>Przez proroka B\u00f3g zapowiada, \u017ce wyprowadzi swoj\u0105 oblubienic\u0119 na pustyni\u0119, aby m\u00f3wi\u0107 do jej serca, aby odnowi\u0107 mi\u0142o\u015b\u0107. Mo\u017ce w tym dramatycznym kontek\u015bcie, w tej t\u0119sknocie za \u201eOblubie\u0144cem, kt\u00f3ry zosta\u0142 zabrany\u201d spe\u0142nia si\u0119 jaki\u015b kluczowy moment historii zbawienia? Mo\u017ce w tej zgodzie na g\u0142\u00f3d i w oczekiwaniu na moment, kiedy Ojciec na nowo otworzy sw\u0105 r\u0119k\u0119 i nakarmi do syta spragnionych dokonuje si\u0119 co\u015b wi\u0119kszego ni\u017c po ludzku mo\u017cemy przewidzie\u0107?! <strong>Mo\u017ce to w takim kontek\u015bcie dokonuje si\u0119 wielka tajemnica wiary!&nbsp;<\/strong><\/p>\n\n\n\n<p><strong>Jak prze\u017cywa\u0107 ten moment? <\/strong>Jak odkrywa\u0107 t\u0105 tajemnic\u0119 zbawienia, kt\u00f3ra spe\u0142nia si\u0119 w tych dniach? Na pustyni Jezus odpowiedzia\u0142 demonowi, \u017ce cz\u0142owiek \u017cyje nie samym chlebem, ale s\u0142owem, kt\u00f3re pochodzi z ust Pana. <strong>A wi\u0119c S\u0142owo! <\/strong>Tutaj kolejny znak zapytania. Kiedy okoliczno\u015bci \u017cycia spo\u0142ecznego nie pozwalaj\u0105 na udzia\u0142 w Eucharystii, szukamy i jeste\u015bmy zapraszani do uczestnictwa wirtualnego, przez \u015brodki spo\u0142ecznego przekazu. Oczywi\u015bcie, to jakie\u015b rozwi\u0105zanie. Ale czy jedyne? Czy najwa\u017cniejsze?&nbsp;<\/p>\n\n\n\n<p>Na pustyni Jezus m\u00f3wi o s\u0142owie Bo\u017cym. Ko\u015bci\u00f3\u0142 przypomina nam: <strong>kiedy wsp\u00f3lnota modli si\u0119, \u015bpiewa psalmy i s\u0142ucha S\u0142owa Bo\u017cego, tam Chrystus staje si\u0119 obecny! <\/strong>Mo\u017ce wi\u0119c w czasie przymusowego \u201epostu od Eucharystii\u201d, zadba\u0107 o to, aby Pan stawa\u0142 si\u0119 obecny w naszych domach i wsp\u00f3lnotach poprzez wsp\u00f3lne czytanie S\u0142owa Bo\u017cego? Rodzinna modlitwa i wsp\u00f3lne odczytanie Ewangelii jest domow\u0105 celebracj\u0105, co do kt\u00f3rej sam Jezus obieca\u0142, \u017ce b\u0119dzie obecny tam, gdzie zebrani s\u0105 w Jego Imi\u0119. W tych niecodziennych okoliczno\u015bciach, <strong>brak Eucharystii nie musi oznacza\u0107 braku Jezusa. <\/strong>Wr\u0119cz przeciwnie! Mo\u017ce walka o \u201eswoje prawo do Eucharystii\u201d, pokusa nieakceptacji pustyni i pustki, mog\u0142yby by\u0107 bardziej niebezpieczne dla \u017cycia duchowego ni\u017c zgoda na taki stan rzeczy?&nbsp;<\/p>\n\n\n\n<p><strong>I pozostaje jeszcze jeden element: <\/strong>w janowym opisie ustanowienia Eucharystii nie ma chleba, nie ma wina, nie ma s\u0142\u00f3w konsekracji. Tam jest tylko umywanie n\u00f3g i przykazanie mi\u0142o\u015bci. <strong>Eucharystia to mi\u0142o\u015b\u0107! <\/strong>A kt\u00f3\u017c nas mo\u017ce od\u0142\u0105czy\u0107 od mi\u0142o\u015bci Chrystusowej? Utrapienie, ucisk czy prze\u015bladowanie? G\u0142\u00f3d czy nago\u015b\u0107? Obecna sytuacja? We wszystkim tym odnosimy pe\u0142ne zwyci\u0119stwo, dzi\u0119ki temu, kt\u00f3ry nas umi\u0142owa\u0142! <strong>Kiedy wi\u0119c wielu t\u0119skni za Eucharysti\u0105, stawajmy si\u0119 ni\u0105 dla siebie nawzajem! <\/strong>Uobecniajmy mi\u0142o\u015b\u0107 Pana! Papie\u017c Franciszek zaprasza nas, aby na pandemi\u0119 odpowiedzie\u0107 wzajemn\u0105 modlitw\u0105, wsp\u00f3\u0142czuciem i czu\u0142o\u015bci\u0105. <strong>Tam gdzie mi\u0142o\u015b\u0107 wzajemna i dobro\u0107, tam jest B\u00f3g<\/strong>; <strong>tam objawia si\u0119 prawdziwie eucharystyczne \u017cycie<\/strong>. Kiedy w naszym sercu przechodzimy od oczekiwa\u0144 do wdzi\u0119czno\u015bci, od ch\u0119ci nasycenia siebie do pytania o to co mog\u0119 da\u0107 i jak pom\u00f3c bli\u017aniemu, wtedy \u017cycie staje si\u0119 eucharystyczne, a pustynia tego \u015bwiata zmienia si\u0119 w rajski ogr\u00f3d \u017cycia! Wobec czasowego braku mo\u017cliwo\u015bci celebracji Eucharystii w ko\u015bcio\u0142ach, celebrujmy j\u0105 naszym \u017cyciem. W ten spos\u00f3b, po czasie pandemii b\u0119dziemy mogli bardziej eucharystyczni wr\u00f3ci\u0107 do o\u0142tarza i jeszcze g\u0142\u0119biej prze\u017cywa\u0107 t\u0105 ut\u0119sknion\u0105 przez wielu Wielk\u0105 Tajemnic\u0119 Wiary.<\/p>\n\n\n\n<p>ks. S\u0142awomir Jeziorski<\/p>\n\n\n\n<figure class=\"wp-block-embed\"><div class=\"wp-block-embed__wrapper\">\nhttps:\/\/www.parafia-jastrzebiagora.pl\/eucharystia-bez-mszy-swietej-28418\n<\/div><\/figure>\n","protected":false},"excerpt":{"rendered":"Misterium obecno\u015bci Boga w czasie pandemii.\u00a0 Paradoksalny jest ten moment historii zbawienia, kt\u00f3ry przychodzi nam prze\u017cywa\u0107. Tak bardzo paradoksalny, \u017ce wr\u0119cz dezorientuj\u0105cy. Z jednej strony, kilka miesi\u0119cy temu rozpocz\u0105\u0142 si\u0119 rok po\u015bwi\u0119cony Eucharystii. Nie brakowa\u0142o wi\u0119c zach\u0119t i zaprosze\u0144, aby cz\u0119\u015bciej i gorliwiej bra\u0107 udzia\u0142 w \u201eWielkiej Tajemnicy Wiary\u201d. Min\u0119\u0142o&hellip;\n","protected":false},"author":2,"featured_media":0,"parent":0,"menu_order":0,"comment_status":"closed","ping_status":"closed","template":"","meta":{"footnotes":""},"class_list":["post-416","page","type-page","status-publish","hentry"],"_links":{"self":[{"href":"https:\/\/trojcazambrow.pl\/index.php\/wp-json\/wp\/v2\/pages\/416","targetHints":{"allow":["GET"]}}],"collection":[{"href":"https:\/\/trojcazambrow.pl\/index.php\/wp-json\/wp\/v2\/pages"}],"about":[{"href":"https:\/\/trojcazambrow.pl\/index.php\/wp-json\/wp\/v2\/types\/page"}],"author":[{"embeddable":true,"href":"https:\/\/trojcazambrow.pl\/index.php\/wp-json\/wp\/v2\/users\/2"}],"replies":[{"embeddable":true,"href":"https:\/\/trojcazambrow.pl\/index.php\/wp-json\/wp\/v2\/comments?post=416"}],"version-history":[{"count":1,"href":"https:\/\/trojcazambrow.pl\/index.php\/wp-json\/wp\/v2\/pages\/416\/revisions"}],"predecessor-version":[{"id":417,"href":"https:\/\/trojcazambrow.pl\/index.php\/wp-json\/wp\/v2\/pages\/416\/revisions\/417"}],"wp:attachment":[{"href":"https:\/\/trojcazambrow.pl\/index.php\/wp-json\/wp\/v2\/media?parent=416"}],"curies":[{"name":"wp","href":"https:\/\/api.w.org\/{rel}","templated":true}]}}