{"id":889,"date":"2021-07-09T04:22:53","date_gmt":"2021-07-09T05:22:53","guid":{"rendered":"http:\/\/trojcazambrow.pl\/?page_id=889"},"modified":"2021-07-09T04:22:54","modified_gmt":"2021-07-09T05:22:54","slug":"katecheza-4-niedziela-18-lipca-2021-r","status":"publish","type":"page","link":"https:\/\/trojcazambrow.pl\/index.php\/katecheza-4-niedziela-18-lipca-2021-r\/","title":{"rendered":"Katecheza 4 &#8211; Niedziela 18 lipca 2021 r."},"content":{"rendered":"\n<p>&nbsp;&nbsp;&nbsp;&nbsp;&nbsp;&nbsp;&nbsp;&nbsp;&nbsp;&nbsp;&nbsp;&nbsp;&nbsp;&nbsp;&nbsp;&nbsp;&nbsp;&nbsp;&nbsp;&nbsp;&nbsp;&nbsp;&nbsp;&nbsp;&nbsp;&nbsp;&nbsp;&nbsp;&nbsp;&nbsp;&nbsp;&nbsp;&nbsp;&nbsp;&nbsp;&nbsp;&nbsp;&nbsp;&nbsp;&nbsp;&nbsp;&nbsp;&nbsp;&nbsp; <strong>Prymas Tysi\u0105clecia o Narodzie<\/strong><\/p>\n\n\n\n<p>&nbsp;&nbsp;&nbsp;&nbsp;&nbsp;&nbsp;&nbsp;&nbsp;&nbsp;&nbsp;&nbsp;&nbsp;&nbsp;&nbsp;&nbsp;&nbsp;&nbsp;&nbsp;&nbsp;&nbsp;&nbsp;&nbsp;&nbsp; Wed\u0142ug kard. Stefana Wyszy\u0144skiego nar\u00f3d, obok rodziny i rodu w sensie klanu rodzinnego, to podstawowa struktura spo\u0142eczna. Oczywi\u015bcie, istniej\u0105 tak\u017ce inne wsp\u00f3lnoty, kt\u00f3re tworzy cz\u0142owiek. Prymas cz\u0119sto o nich m\u00f3wi\u0142, np.: wsp\u00f3lnota pracy, nauki, wsp\u00f3lnota wynikaj\u0105ca ze stowarzyszania si\u0119 w r\u00f3\u017cne grupy, zwi\u0105zki czy partie. S\u0105 one tworzone przez cz\u0142owieka dla kszta\u0142towania \u017cycia politycznego i spo\u0142ecznego, natomiast takie wsp\u00f3lnoty jak rodzina i nar\u00f3d, s\u0105 wsp\u00f3lnotami naturalnymi, wynikaj\u0105cymi z ludzkiej natury, a wi\u0119c stworzonymi przez Boga.<\/p>\n\n\n\n<p>&nbsp;&nbsp;&nbsp;&nbsp;&nbsp;&nbsp;&nbsp;&nbsp;&nbsp;&nbsp;&nbsp;&nbsp;&nbsp;&nbsp;&nbsp;&nbsp;&nbsp;&nbsp;&nbsp;&nbsp;&nbsp;&nbsp;&nbsp; Ca\u0142o\u015b\u0107 bytu narodowego ma dwa podstawowe wymiary: przedmiotowy, na kt\u00f3ry sk\u0142adaj\u0105 si\u0119 wsp\u00f3lna historia, wsp\u00f3lnota pochodzenia, gospodarka, wsp\u00f3lne terytorium, na kt\u00f3rym nar\u00f3d tworzy pa\u0144stwo i po prostu \u017cyje, wsp\u00f3lna egzystencja itp. Na drugi &#8211; wymiar podmiotowy, sk\u0142adaj\u0105 si\u0119 wsp\u00f3lna mentalno\u015b\u0107, wsp\u00f3lny duch, wsp\u00f3lnota warto\u015bci duchowych i moralnych czy przynale\u017cno\u015b\u0107 do wsp\u00f3lnoty narodowej. Dla kard. Wyszy\u0144skiego podstawowymi \u017ar\u00f3d\u0142ami tworzenia si\u0119 narodu by\u0142y boski akt stw\u00f3rczy, odniesienie cz\u0142owieka do Boga, niezbywalna godno\u015b\u0107 osoby ludzkiej oraz aktualnie prze\u017cywana historia.<\/p>\n\n\n\n<p>&nbsp;&nbsp;&nbsp;&nbsp;&nbsp;&nbsp;&nbsp;&nbsp;&nbsp;&nbsp;&nbsp;&nbsp;&nbsp;&nbsp;&nbsp;&nbsp;&nbsp;&nbsp;&nbsp;&nbsp;&nbsp;&nbsp;&nbsp; Prymas Tysi\u0105clecia, kt\u00f3rego nauczanie skierowane by\u0142o zawsze do konkretnych ludzi \u017cyj\u0105cych w okre\u015blonej sytuacji spo\u0142ecznej i politycznej, cz\u0119sto odnosi\u0142 si\u0119 do aktualnych przyk\u0142ad\u00f3w historycznych. Kiedy m\u00f3wi\u0142 o narodzie, uwzgl\u0119dnia\u0142 wszystkie uwarunkowania historyczne jakie ten nar\u00f3d prze\u017cywa\u0142. Na r\u00f3\u017cne sposoby uwzgl\u0119dnia\u0142 sytuacj\u0119 narodu polskiego, kt\u00f3ry przechodzi\u0142 straszny dramat wojny, a po II wojnie \u015bwiatowej znalaz\u0142 si\u0119 pod sowieck\u0105 dyktatur\u0105. Ta sytuacja stawa\u0142a si\u0119 dla Prymasa okazj\u0105 do wypowiedzi na temat tworzenia w\u0142a\u015bciwych rzeczywisto\u015bci spo\u0142ecznych, wbrew tym jakie promowa\u0142a ideologia komunistyczna.&nbsp; W czasie \u017cycia Prymasa Wyszy\u0144skiego Europa do\u015bwiadcza\u0142a skrajnych ideologii. Dlatego w kwestii nauczania o narodzie przywo\u0142ywa\u0142 on te skrajne i zbrodnicze ideologie. R\u00f3wnocze\u015bnie pokazywa\u0142 chrze\u015bcija\u0144skie rozumienie narodu jako wsp\u00f3lnoty os\u00f3b zbudowanej na w\u0142a\u015bciwych fundamentach duchowych i materialnych. Dla Prymasa nar\u00f3d stanowi\u0142 podstawow\u0105 i naturaln\u0105 struktur\u0119 spo\u0142eczn\u0105.<\/p>\n\n\n\n<p>&nbsp;&nbsp;&nbsp;&nbsp;&nbsp;&nbsp;&nbsp;&nbsp;&nbsp;&nbsp;&nbsp;&nbsp;&nbsp;&nbsp;&nbsp;&nbsp;&nbsp;&nbsp;&nbsp;&nbsp;&nbsp;&nbsp;&nbsp; Istotnym elementem buduj\u0105cym podmiotowo\u015b\u0107 i to\u017csamo\u015b\u0107 narodu jest wed\u0142ug kardyna\u0142a Wyszy\u0144skiego kultura, kt\u00f3ra stanowi podstawow\u0105 cech\u0119 okre\u015blaj\u0105c\u0105 nar\u00f3d. Dalej, s\u0105 to dzieje narodu, kt\u00f3re buduj\u0105 zbiorow\u0105 samo\u015bwiadomo\u015b\u0107 i s\u0105 inspiracj\u0105 do tworzenia przysz\u0142o\u015bci. Historia narodu pomaga w\u0142a\u015bciwie ustawia\u0107 hierarchi\u0119 warto\u015bci. Z dziejowo\u015bci\u0105 narodu wi\u0105\u017ce si\u0119 tak\u017ce, wed\u0142ug Prymasa, tradycja. Scala ona tera\u017aniejszo\u015b\u0107 i przysz\u0142o\u015b\u0107 oraz jest no\u015bnikiem pami\u0119ci przysz\u0142ych pokole\u0144.<\/p>\n\n\n\n<p>&nbsp;&nbsp;&nbsp;&nbsp;&nbsp;&nbsp;&nbsp;&nbsp;&nbsp;&nbsp;&nbsp;&nbsp;&nbsp;&nbsp;&nbsp;&nbsp;&nbsp;&nbsp;&nbsp;&nbsp;&nbsp;&nbsp;&nbsp; Jednym s\u0142owem, nar\u00f3d w nauczaniu kard. Wyszy\u0144skiego to najwy\u017csza posta\u0107 \u017cycia spo\u0142ecznego. \u015awiadomo\u015b\u0107 jego odr\u0119bno\u015bci i wewn\u0119trznej niezale\u017cno\u015bci, stanowi o jego podmiotowo\u015bci. Poziom relacji z innymi narodami warunkuje w narodzie chrze\u015bcija\u0144skim system warto\u015bci ukszta\u0142towany na relacjach do Tr\u00f3jcy \u015awi\u0119tej.<\/p>\n","protected":false},"excerpt":{"rendered":"&nbsp;&nbsp;&nbsp;&nbsp;&nbsp;&nbsp;&nbsp;&nbsp;&nbsp;&nbsp;&nbsp;&nbsp;&nbsp;&nbsp;&nbsp;&nbsp;&nbsp;&nbsp;&nbsp;&nbsp;&nbsp;&nbsp;&nbsp;&nbsp;&nbsp;&nbsp;&nbsp;&nbsp;&nbsp;&nbsp;&nbsp;&nbsp;&nbsp;&nbsp;&nbsp;&nbsp;&nbsp;&nbsp;&nbsp;&nbsp;&nbsp;&nbsp;&nbsp;&nbsp; Prymas Tysi\u0105clecia o Narodzie &nbsp;&nbsp;&nbsp;&nbsp;&nbsp;&nbsp;&nbsp;&nbsp;&nbsp;&nbsp;&nbsp;&nbsp;&nbsp;&nbsp;&nbsp;&nbsp;&nbsp;&nbsp;&nbsp;&nbsp;&nbsp;&nbsp;&nbsp; Wed\u0142ug kard. Stefana Wyszy\u0144skiego nar\u00f3d, obok rodziny i rodu w sensie klanu rodzinnego, to podstawowa struktura spo\u0142eczna. Oczywi\u015bcie, istniej\u0105 tak\u017ce inne wsp\u00f3lnoty, kt\u00f3re tworzy cz\u0142owiek. Prymas cz\u0119sto o nich m\u00f3wi\u0142, np.: wsp\u00f3lnota pracy, nauki, wsp\u00f3lnota wynikaj\u0105ca ze stowarzyszania si\u0119 w r\u00f3\u017cne grupy, zwi\u0105zki czy&hellip;\n","protected":false},"author":2,"featured_media":0,"parent":0,"menu_order":0,"comment_status":"closed","ping_status":"closed","template":"","meta":{"footnotes":""},"class_list":["post-889","page","type-page","status-publish","hentry"],"_links":{"self":[{"href":"https:\/\/trojcazambrow.pl\/index.php\/wp-json\/wp\/v2\/pages\/889","targetHints":{"allow":["GET"]}}],"collection":[{"href":"https:\/\/trojcazambrow.pl\/index.php\/wp-json\/wp\/v2\/pages"}],"about":[{"href":"https:\/\/trojcazambrow.pl\/index.php\/wp-json\/wp\/v2\/types\/page"}],"author":[{"embeddable":true,"href":"https:\/\/trojcazambrow.pl\/index.php\/wp-json\/wp\/v2\/users\/2"}],"replies":[{"embeddable":true,"href":"https:\/\/trojcazambrow.pl\/index.php\/wp-json\/wp\/v2\/comments?post=889"}],"version-history":[{"count":1,"href":"https:\/\/trojcazambrow.pl\/index.php\/wp-json\/wp\/v2\/pages\/889\/revisions"}],"predecessor-version":[{"id":890,"href":"https:\/\/trojcazambrow.pl\/index.php\/wp-json\/wp\/v2\/pages\/889\/revisions\/890"}],"wp:attachment":[{"href":"https:\/\/trojcazambrow.pl\/index.php\/wp-json\/wp\/v2\/media?parent=889"}],"curies":[{"name":"wp","href":"https:\/\/api.w.org\/{rel}","templated":true}]}}

<p>&nbsp;&nbsp;&nbsp;&nbsp;&nbsp;&nbsp;&nbsp;&nbsp;&nbsp;&nbsp;&nbsp;&nbsp;&nbsp;&nbsp;&nbsp;&nbsp;&nbsp;&nbsp;&nbsp;&nbsp;&nbsp;&nbsp;&nbsp;&nbsp;&nbsp;&nbsp;&nbsp;&nbsp;&nbsp;&nbsp;&nbsp;&nbsp;&nbsp;&nbsp;&nbsp;&nbsp;&nbsp;&nbsp;&nbsp;&nbsp;&nbsp;&nbsp;&nbsp;&nbsp; <strong>Prymas Tysiąclecia o Narodzie</strong></p>



<p>&nbsp;&nbsp;&nbsp;&nbsp;&nbsp;&nbsp;&nbsp;&nbsp;&nbsp;&nbsp;&nbsp;&nbsp;&nbsp;&nbsp;&nbsp;&nbsp;&nbsp;&nbsp;&nbsp;&nbsp;&nbsp;&nbsp;&nbsp; Według kard. Stefana Wyszyńskiego naród, obok rodziny i rodu w sensie klanu rodzinnego, to podstawowa struktura społeczna. Oczywiście, istnieją także inne wspólnoty, które tworzy człowiek. Prymas często o nich mówił, np.: wspólnota pracy, nauki, wspólnota wynikająca ze stowarzyszania się w różne grupy, związki czy partie. Są one tworzone przez człowieka dla kształtowania życia politycznego i społecznego, natomiast takie wspólnoty jak rodzina i naród, są wspólnotami naturalnymi, wynikającymi z ludzkiej natury, a więc stworzonymi przez Boga.</p>



<p>&nbsp;&nbsp;&nbsp;&nbsp;&nbsp;&nbsp;&nbsp;&nbsp;&nbsp;&nbsp;&nbsp;&nbsp;&nbsp;&nbsp;&nbsp;&nbsp;&nbsp;&nbsp;&nbsp;&nbsp;&nbsp;&nbsp;&nbsp; Całość bytu narodowego ma dwa podstawowe wymiary: przedmiotowy, na który składają się wspólna historia, wspólnota pochodzenia, gospodarka, wspólne terytorium, na którym naród tworzy państwo i po prostu żyje, wspólna egzystencja itp. Na drugi &#8211; wymiar podmiotowy, składają się wspólna mentalność, wspólny duch, wspólnota wartości duchowych i moralnych czy przynależność do wspólnoty narodowej. Dla kard. Wyszyńskiego podstawowymi źródłami tworzenia się narodu były boski akt stwórczy, odniesienie człowieka do Boga, niezbywalna godność osoby ludzkiej oraz aktualnie przeżywana historia.</p>



<p>&nbsp;&nbsp;&nbsp;&nbsp;&nbsp;&nbsp;&nbsp;&nbsp;&nbsp;&nbsp;&nbsp;&nbsp;&nbsp;&nbsp;&nbsp;&nbsp;&nbsp;&nbsp;&nbsp;&nbsp;&nbsp;&nbsp;&nbsp; Prymas Tysiąclecia, którego nauczanie skierowane było zawsze do konkretnych ludzi żyjących w określonej sytuacji społecznej i politycznej, często odnosił się do aktualnych przykładów historycznych. Kiedy mówił o narodzie, uwzględniał wszystkie uwarunkowania historyczne jakie ten naród przeżywał. Na różne sposoby uwzględniał sytuację narodu polskiego, który przechodził straszny dramat wojny, a po II wojnie światowej znalazł się pod sowiecką dyktaturą. Ta sytuacja stawała się dla Prymasa okazją do wypowiedzi na temat tworzenia właściwych rzeczywistości społecznych, wbrew tym jakie promowała ideologia komunistyczna.&nbsp; W czasie życia Prymasa Wyszyńskiego Europa doświadczała skrajnych ideologii. Dlatego w kwestii nauczania o narodzie przywoływał on te skrajne i zbrodnicze ideologie. Równocześnie pokazywał chrześcijańskie rozumienie narodu jako wspólnoty osób zbudowanej na właściwych fundamentach duchowych i materialnych. Dla Prymasa naród stanowił podstawową i naturalną strukturę społeczną.</p>



<p>&nbsp;&nbsp;&nbsp;&nbsp;&nbsp;&nbsp;&nbsp;&nbsp;&nbsp;&nbsp;&nbsp;&nbsp;&nbsp;&nbsp;&nbsp;&nbsp;&nbsp;&nbsp;&nbsp;&nbsp;&nbsp;&nbsp;&nbsp; Istotnym elementem budującym podmiotowość i tożsamość narodu jest według kardynała Wyszyńskiego kultura, która stanowi podstawową cechę określającą naród. Dalej, są to dzieje narodu, które budują zbiorową samoświadomość i są inspiracją do tworzenia przyszłości. Historia narodu pomaga właściwie ustawiać hierarchię wartości. Z dziejowością narodu wiąże się także, według Prymasa, tradycja. Scala ona teraźniejszość i przyszłość oraz jest nośnikiem pamięci przyszłych pokoleń.</p>



<p>&nbsp;&nbsp;&nbsp;&nbsp;&nbsp;&nbsp;&nbsp;&nbsp;&nbsp;&nbsp;&nbsp;&nbsp;&nbsp;&nbsp;&nbsp;&nbsp;&nbsp;&nbsp;&nbsp;&nbsp;&nbsp;&nbsp;&nbsp; Jednym słowem, naród w nauczaniu kard. Wyszyńskiego to najwyższa postać życia społecznego. Świadomość jego odrębności i wewnętrznej niezależności, stanowi o jego podmiotowości. Poziom relacji z innymi narodami warunkuje w narodzie chrześcijańskim system wartości ukształtowany na relacjach do Trójcy Świętej.</p>

&nbsp;&nbsp;&nbsp;&nbsp;&nbsp;&nbsp;&nbsp;&nbsp;&nbsp;&nbsp;&nbsp;&nbsp;&nbsp;&nbsp;&nbsp;&nbsp;&nbsp;&nbsp;&nbsp;&nbsp;&nbsp;&nbsp;&nbsp;&nbsp;&nbsp;&nbsp;&nbsp;&nbsp;&nbsp;&nbsp;&nbsp;&nbsp;&nbsp;&nbsp;&nbsp;&nbsp;&nbsp;&nbsp;&nbsp;&nbsp;&nbsp;&nbsp;&nbsp;&nbsp; Prymas Tysiąclecia o Narodzie &nbsp;&nbsp;&nbsp;&nbsp;&nbsp;&nbsp;&nbsp;&nbsp;&nbsp;&nbsp;&nbsp;&nbsp;&nbsp;&nbsp;&nbsp;&nbsp;&nbsp;&nbsp;&nbsp;&nbsp;&nbsp;&nbsp;&nbsp; Według kard. Stefana Wyszyńskiego naród, obok rodziny i rodu w sensie klanu rodzinnego, to podstawowa struktura społeczna. Oczywiście, istnieją także inne wspólnoty, które tworzy człowiek. Prymas często o nich mówił, np.: wspólnota pracy, nauki, wspólnota wynikająca ze stowarzyszania się w różne grupy, związki czy&hellip;
